ue of 1 + (4 + 2 - 0) + -7?
0
0 + (-8 + 4 - 0)
-4
What is 5 + 3 + (4 - 14 - -12)?
10
22 + 0 + -8 - 9
5
Calculate (0 + -6 - -13) + -8.
-1
-2 + 1 - (-2 - -6 - 0)
-5
-4 + -1 - (-13 + 22 + -13)
-1
What is the value of 22 - 27 - (0 - -2) - -15?
8
What is the value of -6 - (-12 + 20 + -7)?
-7
What is (1 - 3) + (-5 - -4) + -1?
-4
What is -7 - (2 - 3) - (28 + -29)?
-5
3 - (13 + -4 + -3) - 2
-5
Calculate 7 + -3 + -15 - -5.
-6
What is 1 + (4 + (3 - 2) - 5)?
1
1 + (-3 - 10) + 9
-3
Calculate -4 + 8 + -6 + 7 - 9.
-4
What is the value of -5 + (-4 - -4 - -5)?
0
What is the value of 1 + 1 + (-4 - -2)?
0
What is (-10 - -13 - -14) + -8?
9
7 - 0 - (-3 + 4 + 2)
4
Calculate -4 + 2 + (0 - 1).
-3
Calculate 0 - (-3 + (1 - 3)).
5
Evaluate 0 - -2 - (4 + -8 + 13).
-7
Evaluate 5 + -19 + 20 + (-1 - 0).
5
Calculate 4 + 2 - (14 + -8).
0
What is -2 + 5 + 2 + -1?
4
What is the value of 54 - 47 - (11 + -1)?
-3
Calculate -4 - 0 - (1 - 7).
2
Evaluate -4 - ((14 - 9) + -10).
1
What is the value of 0 - -1 - 0 - (-41 - -38)?
4
8 + (-11 - 8) + 7
-4
What is the value of -5 - -5 - (1 - 5)?
4
Evaluate (0 + -4 - (3 + -3)) + 1.
-3
Evaluate 3 + 0 + 1 + -3.
1
10 - (-16 + 6 + 13)
7
0 - (-2 + 0) - (-13 + 13)
2
Evaluate (-4 - -3 - 1) + (0 - -3).
1
What is the value of -1 - ((-1 - 1) + (5 - 0))?
-4
(1 - -4) + -18 + 15
2
What is 4 + (-4 + -4 - -3 - -8)?
7
What is the value of 4 - (-4 - -1 - (-4 + -1))?
2
What is (-8 - 1) + (-45 - -57)?
3
What is 1 - -2 - (-2 + 3)?
2
What is the value of (5 - 6) + -9 - -5?
-5
(-1 - 3) + (-20 - -22)
-2
What is the value of -1 + 0 + (-2 - -3 - -3)?
3
Evaluate (-2 - (0 - (0 + -4))) + 1.
-5
Evaluate -1 - 2 - (-3 + 2 + -3).
1
Evaluate (2 - -1) + (-20 - -13).
-4
(9 - 0 - -2) + -7
4
Calculate 1 + (1 - -7) - (3 - -1).
5
What is the value of 16 + -1 + (-5 - 6)?
4
Evaluate (-1 - (-2 + -7)) + (17 - 15).
10
Evaluate (4 + -5 - -3) + (-10 - -1).
-7
What is 9 - 2 - (8 + -12 + 6)?
5
Evaluate -11 - (-5 + 1) - -2.
-5
What is the value of (35 - 38 - (0 + -2)) + 9?
8
Evaluate 1 + -1 + -1 + -3 + -1.
-5
(1 - 9 - -13) + -5 - 5
-5
Calculate 0 + (5 - 3) + -7.
-5
What is the value of -12 + (12 - (0 - -4) - 5)?
-9
What is the value of (5 - (-1 - -4) - 0) + 2?
4
-5 - (13 + -13 + 3 + 1)
-9
Calculate -10 - (-5 - (-5 - -5)).
-5
(3 - 6) + -1 + 10 + 2
8
-38 + 43 + (-3 - 1) + -10
-9
Calculate -1 + 3 + 0 + 1 + 3.
6
What is the value of (2 - (5 + -1)) + 0?
-2
What is 1 - (-6 - (1 - 5))?
3
What is -7 - (0 - (-4 - (-9 + 1)))?
-3
Calculate (-27 - -8) + 8 + 9.
-2
What is (-4 - -1) + (5 - -7) + -5?
4
Calculate -19 + 18 + -2 + 5.
2
Calculate 1 + -1 - ((4 - 2) + -3).
1
Calculate (-1 - 4 - -4) + 3 - 4.
-2
Evaluate (0 + 4 - 3) + -6.
-5
What is 6 + 9 - (10 + -2)?
7
Evaluate -1 - (-10 - (0 + -5)).
4
Evaluate -1 - (5 + -4 + -5) - 1.
2
6 - (1 - -2) - (-6 + 13)
-4
0 - (-9 - (8 + -11))
6
What is the value of -5 - -2 - (2 - 7) - -1?
3
What is the value of 8 - 4 - 3 - (0 - -4)?
-3
-7 - (5 + -3) - -4
-5
Evaluate 2 + -4 - (-1 - 0) - 5.
-6
(-12 + 2 + 3 - -3) + 0
-4
What is the value of -8 - (-5 - (5 - -6 - 4))?
4
Calculate -3 + -3 + 2 + 1.
-3
Evaluate 7 + 3 + (3 - 3).
10
Evaluate -6 - (0 + 1) - -4.
-3
What is the value of 1 - -3 - 6 - (-1 - -3)?
-4
(-4 + 5 - (1 - 1)) + -4
-3
(4 + -3 - -2) + 0 + 2
5
What is 1 + (13 - 11) + -1 + -7?
-5
Evaluate 13 + -6 - 10 - (3 - 2).
-4
What is -3 - 1 - -1 - 1?
-4
What is the value of 0 - (-5 + (-3 + 6 - 1))?
3
What is 4 + (0 - -2) + 1 + -4?
3
Calculate 4 - 10 - (-3 + -8).
5
-10 + 10 + -5 + 1
-4
What is the value of 5 - (-6 + 3 - -5)?
3
-5 - ((1 - 4) + -3 + 4)
-3
What is the value of -7 + 3 - (-1 - -1)?
-4
What is -4 + -1 - (2 + -3)?
-4
What is the value of -7 - (-1 + 6 + -6 + -5)?
-1
Evaluate 2 - (-2 + 0) - 14 - -5.
-5
What is -1 - (3 + -6 + -4 + 5)?
1
Calculate -4 - -3 - (0 + -3) - 3.
-1
Evaluate 3 + -2 + 1 + 28 + -24.
6
Evaluate -5 - (-14 - (5 - 11)).
3
What is -6 + 10 + (-11 - -11)?
4
Calculate 6 + (9 - 7) + -4.
4
-13 - (-7 - (6 - 5))
-5
What is the value of -4 + (8 - (2 + (4 - 3)))?
1
Evaluate (-1 - 2) + 4 + 2 + -3.
0
What is (16 + 4 - 11) + -8?
1
Calculate 2 + 3 + (-13 - -3).
-5
0 - (-9 + 4 + 2)
3
Calculate 6 - 3 - -3 - 10.
-4
Calculate 0 + (-6 - -3 - -6).
3
0 + (-2 - 8 - (-12 + 6))
-4
What is -4 + -3 + 5 + 0?
-2
What is -4 + (4 - (5 + (3 - 4)))?
-4
Evaluate (9 - 8 - (-4 - -1)) + 4.
8
Evaluate -3 + -2 + 4 - 0.
-1
Evaluate -5 + (-6 + 1 - -5).
-5
What is the value of 2 + 2 + (-34 - -37)?
7
0 + (2 - (-1 - (4 - 3)))
4
Calculate -11 + -2 + 19 + 1 + -4.
3
Evaluate 5 + (0 - (0 + 0) - 5).
0
Calculate 4 + (-7 - (-1 + 0) - -3).
1
What is 1 + 6 + (-26 - -26)?
7
What is -3 - (9 - 5) - -3?
-4
Evaluate -44 + 47 - (2 + 4 - -2).
-5
-3 + 10 + -12 + 8
3
What is the value of (3 + -13 - (-4 + -1)) + 5?
0
1 - (2 - (-2 - 4 - -1))
-6
What is 5 + -10 + 7 + -1?
1
(7 - -3) + (-22 - -1)
-11
15 - 3 - (-4 + 10)
6
What is the value of 8 - (-5 - 0 - -5 - 2)?
10
Calculate 0 + (-13 - -3) + 17.
7
What is the value of (-6 + 4 - -4) + 3 + 3?
8
Evaluate -2 - ((-2 - 5) + -2).
7
What is 3 + 4 + -5 + -6?
-4
What is -6 + (-3 - 1 - (-8 - -5))?
-7
What is the value of 0 + 4 + (-4 - 1) + -4?
-5
What is -19 - -7 - (-9 + -2)?
-1
What is the value of 4 - 2 - (16 + -22)?
8
What is -4 + 9 + -4 + 3?
4
What is 7 + 0 + -9 - -2?
0
Calculate -5 + -2 + 8 + (-19 - -23).
5
0 + -3 - (9 + -14)
2
What is the value of (-6 - -3) + 8 - 2 - 1?
2
(8 - 9) + (0 - 0) - -4
3
Calculate (-4 - 0) + 5 + 2.
3
Evaluate 54 + -43 - (-1 + 7).
5
3 + -1 + -2 - -5
5
Evaluate -11 + (-4 + 9 - 1) + 2.
-5
Calculate -4 + (9 - (5 - 2)).
2
What is the value of -8 - (7 + -11) - 6?
-10
What is -6 - (1 + -2 - -2 - 3)?
-4
Calculate (0 - 2) + (4 - 4).
-2
(1 - 6) + -2 + 2
-5
What is -5 + 1 - (-6 - -6)?
-4
(-8 + 1 - -2) + (8 - -2)
5
What is 98 + -92 + -2 + (1 - 8)?
-3
What is (-2 - (4 + -3)) + (0 - -8)?
5
What is 6 - (-3 - -4) - 9?
-4
Evaluate (9 - (7 + (-2 - -7))) + 13.
10
What is -2 + -5 + (3 - -6)?
2
What is the value of -8 + 4 + 7 + -8?
-5
-3 - -10 - ((-1 - -15) + -8)
1
What is -1 + 6 + -4 + 2 - 7?
-4
Calculate (-8 - (-7 - (-1 + -2))) + -2.
-6
(1 + 1 - 4) + -22 + 16
-8
-1 - (-4 + 4) - 3
-4
What is -8 + (3 - -10) + -1 + -4?
0
What is the value of -7 + 13 + -7 - 1?
-2
What is the value of (-5 - (1 + -3)) + 6 - 1?
2
8 + -10 - (3 - -1)
-6
(0 - 4 - -2) + -5 + 14
7
-2 + 1 + (-4 - -4) + -4
-5
Calculate -4 + 2 + (-3 - -1) + 8.
4
What is (-92 - -99) + -9 + 1 + -7?
-8
Evaluate 0 - -5 - 8 - (-1 - -2).
-4
What is the value of 7 + -7 - (-2 - -6 - -1)?
-5
Calculate (53 - 44) + (-9 - 2).
-2
Calculate 2 + -3 + 4 + -1.
2
What is 2 + -4 + (-3 - (-3 + 3))?
-5
What is -8 - (3 - (4 - -5))?
-2
6 + (-1 + -8 - -6)
3
Calculate -6 - (8 + -5 - 10).
1
What is the value of 6 + -3 + 3 + 1 + -3?
4
Calculate (1 - (3 - 4)) + 0 - -5.
7
Calculate -8 - (3 + -17 + 7 + 9).
-10
What is -5 - 6 - (-3 - (0 + 1))?
-7
Evaluate 1 + 4 - (10 - 7).
2
What is the value of 1 + -2 - (1 - 3)?
1
Evaluate -5 - (1 - -2 - 5).
-3
Calculate (-26 - (-1 + -7)) + (10 - 1).
-9
What is 2 - (-1 - -3 - (4 + -1))?
3
What is 0 - (2 - 5 - 1)?
4
What is -1 - (-7 - (-1 + -2)) - 4?
-1
What is -3 - -2 - (-4 + 3 + 0)?
0
-8 + (19 + -18 - (-1 - 3))
-3
Evaluate -3 + (-1 - -3 - 0).
-1
(12 + -20 - (2 - 7)) + -1
-4
Calculate 4 + (3 - (-2 - -2 - -5)).
2
What is -11 + (-11 + 13 - -2)?
-7
What is the value of -2 + (1 - 0) + -6 + -4?
-11
Calculate (0 - 1) + 41 + -37.
3
Calculate 12 - (1 - ((3 - 1) + -7)).
6
Calculate (1 - (0 + 1)) + -710 + 705.
-5
(1 - (-1 - -4)) + 5 + 1
4
Evaluate 36 + -40 + (0 - -1) + -1.
-4
What is (2 - 7) + (-3 - -15)?
7
(1 - -3) + (-3 - 1)
0
Calculate -2 - (3 + -2 + -5).
2
What is 3 - 9 - (2 - 3)?
-5
1 + -2 - (4 - 7) - 6
-4
What is the value of 5 + (-11 - (3 - 9))?
0
Evaluate 2 - ((-4 + -2 - -12) + -5).
1
What is the value of -3 + 7 + (3 - 6)?
1
Evaluate -9 - -1 - (-1 + -1).
-6
Calculate (-5 + 0 + 3 - -8) + -5.
1
Evaluate -3 + 3 - (-2 - -2).
0
What is 4 - (11 + (1 - 4))?
-4
What is (20 - 19) + 2 + 0?
3
3 + (0 - (0 + 1))
2
What is the value of -7 + 3 + (15 - 2) + -5?
4
Evaluate -4 + -1 + -2 + -7 + 9.
-5
Calculate -1 + -1 + 5 + -2 + -3.
-2
Evaluate 3 + 4 + -37 + 23.
-7
What is -4 + (-10 - (5 - 22))?
3
-5 + (1 - -5) + -5
-4
Calculate -2 - ((0 - 5) + 4).
-1
What is the value of (4 - -1) + -4 + 0?
1
Evaluate -4 + (-5 - (-10 - -1 - 1)).
1
What is -20 + 11 - -11 - (2 - 7)?
7
What is -9 + 9 + (-1 - (2 - 1))?
-2
Evaluate 3 - (-1 + (